{"id":4296,"date":"2025-01-21T16:54:03","date_gmt":"2025-01-21T16:54:03","guid":{"rendered":"https:\/\/www.shirasgaleria.es\/tienda\/?post_type=product&#038;p=4296"},"modified":"2025-02-21T16:36:21","modified_gmt":"2025-02-21T16:36:21","slug":"erase-una-vez-un-fatidico-dia","status":"publish","type":"product","link":"https:\/\/www.shirasgaleria.es\/tienda\/comprar\/eduardo-urdiales\/erase-una-vez-un-fatidico-dia\/","title":{"rendered":"\u00c9rase una vez un fat\u00eddico d\u00eda"},"content":{"rendered":"","protected":false},"excerpt":{"rendered":"<p>Grafito, carboncillo y pastel sobre papel, realizada el 2024<\/p>\n<p>Pieza \u00fanica.<\/p>\n<p>Medidas: 80 X 61 cm<\/p>\n<p>&nbsp;<\/p>\n","protected":false},"featured_media":4295,"template":"","meta":{"_acf_changed":false},"product_brand":[],"product_cat":[167],"product_tag":[114,169,111,92,90],"class_list":{"0":"post-4296","1":"product","2":"type-product","3":"status-publish","4":"has-post-thumbnail","6":"product_cat-eduardo-urdiales","7":"product_tag-dibujo","8":"product_tag-grafito","9":"product_tag-papel","10":"product_tag-pieza-unica","11":"product_tag-pintura","13":"first","14":"instock","15":"shipping-taxable","16":"purchasable","17":"product-type-simple"},"acf":[],"_links":{"self":[{"href":"https:\/\/www.shirasgaleria.es\/tienda\/wp-json\/wp\/v2\/product\/4296","targetHints":{"allow":["GET"]}}],"collection":[{"href":"https:\/\/www.shirasgaleria.es\/tienda\/wp-json\/wp\/v2\/product"}],"about":[{"href":"https:\/\/www.shirasgaleria.es\/tienda\/wp-json\/wp\/v2\/types\/product"}],"wp:featuredmedia":[{"embeddable":true,"href":"https:\/\/www.shirasgaleria.es\/tienda\/wp-json\/wp\/v2\/media\/4295"}],"wp:attachment":[{"href":"https:\/\/www.shirasgaleria.es\/tienda\/wp-json\/wp\/v2\/media?parent=4296"}],"wp:term":[{"taxonomy":"product_brand","embeddable":true,"href":"https:\/\/www.shirasgaleria.es\/tienda\/wp-json\/wp\/v2\/product_brand?post=4296"},{"taxonomy":"product_cat","embeddable":true,"href":"https:\/\/www.shirasgaleria.es\/tienda\/wp-json\/wp\/v2\/product_cat?post=4296"},{"taxonomy":"product_tag","embeddable":true,"href":"https:\/\/www.shirasgaleria.es\/tienda\/wp-json\/wp\/v2\/product_tag?post=4296"}],"curies":[{"name":"wp","href":"https:\/\/api.w.org\/{rel}","templated":true}]}}