{"id":4029,"date":"2024-04-10T11:49:00","date_gmt":"2024-04-10T11:49:00","guid":{"rendered":"https:\/\/www.shirasgaleria.es\/tienda\/?post_type=product&#038;p=4029"},"modified":"2025-11-25T10:44:19","modified_gmt":"2025-11-25T10:44:19","slug":"caos-en-armonia","status":"publish","type":"product","link":"https:\/\/www.shirasgaleria.es\/tienda\/comprar\/samuel-nieto\/caos-en-armonia\/","title":{"rendered":"Fluctuaci\u00f3n sincr\u00f3nica en azul"},"content":{"rendered":"","protected":false},"excerpt":{"rendered":"<p>Fluctuaci\u00f3n sincr\u00f3nica en azul, 2023<\/p>\n<p>Rotulador acr\u00edlico y acr\u00edlico sobre lienzo<\/p>\n<p>40 x 40 cm<\/p>\n<p>&nbsp;<\/p>\n","protected":false},"featured_media":4019,"template":"","meta":{"_acf_changed":false},"product_brand":[],"product_cat":[125],"product_tag":[116,109,120,90],"class_list":{"0":"post-4029","1":"product","2":"type-product","3":"status-publish","4":"has-post-thumbnail","6":"product_cat-samuel-nieto","7":"product_tag-geometria","8":"product_tag-lienzo","9":"product_tag-obra-original","10":"product_tag-pintura","12":"first","13":"instock","14":"shipping-taxable","15":"purchasable","16":"product-type-simple"},"acf":[],"_links":{"self":[{"href":"https:\/\/www.shirasgaleria.es\/tienda\/wp-json\/wp\/v2\/product\/4029","targetHints":{"allow":["GET"]}}],"collection":[{"href":"https:\/\/www.shirasgaleria.es\/tienda\/wp-json\/wp\/v2\/product"}],"about":[{"href":"https:\/\/www.shirasgaleria.es\/tienda\/wp-json\/wp\/v2\/types\/product"}],"wp:featuredmedia":[{"embeddable":true,"href":"https:\/\/www.shirasgaleria.es\/tienda\/wp-json\/wp\/v2\/media\/4019"}],"wp:attachment":[{"href":"https:\/\/www.shirasgaleria.es\/tienda\/wp-json\/wp\/v2\/media?parent=4029"}],"wp:term":[{"taxonomy":"product_brand","embeddable":true,"href":"https:\/\/www.shirasgaleria.es\/tienda\/wp-json\/wp\/v2\/product_brand?post=4029"},{"taxonomy":"product_cat","embeddable":true,"href":"https:\/\/www.shirasgaleria.es\/tienda\/wp-json\/wp\/v2\/product_cat?post=4029"},{"taxonomy":"product_tag","embeddable":true,"href":"https:\/\/www.shirasgaleria.es\/tienda\/wp-json\/wp\/v2\/product_tag?post=4029"}],"curies":[{"name":"wp","href":"https:\/\/api.w.org\/{rel}","templated":true}]}}